2, 3, 23
Let w(o) = 449*o + 303. What are the prime factors of w(13)?
2, 5, 307
Let t = 2415 - 1572. Suppose 0 = 3*m - 0*c - 4*c + 1, -4 = -4*m + 4*c. Suppose -5*i + m*r - 344 = -7*i, 5*i + 4*r - t = 0. What are the prime factors of i?
167
Suppose 4*i + 2*h - 7454 = 10622, 4519 = i + 5*h. Suppose -i = -3*a - 0*s + 5*s, a - 5*s = 1493. What are the prime factors of a?
17, 89
Suppose -4*g = -3*b + 15, 9*b + 5 = 10*b - 4*g. What are the prime factors of ((-6)/b)/(95/(-114000))?
2, 3, 5
Suppose 157*y - 92 = 76 - 11. Let l = 6 + -3. List the prime factors of (-5 + l)/(y/(-62)).
2, 31
Suppose 17 = 6*u - 1. Suppose u*f - 392 + 2293 = 2*w, f = -3*w + 2857. What are the prime factors of w?
2, 7, 17
Let z be (-2)/4 + (-4)/(-8). Let k = 11 + -8. Suppose z*x + x = -4*g + 103, 386 = 4*x + k*g. List the prime factors of x.
5, 19
Let t(k) = -k**3 + 8*k**2 + 18*k + 24. Let j be t(10). Suppose m + 3523 = 5*m - 5*a, -j*m - 2*a = -3502. What are the prime factors of m?
877
Suppose 5*w = -2*k - 35, -8*k = -4*w - 7*k - 41. Let y = w + 17. What are the prime factors of ((-20)/y)/(1/(-30))?
3, 5
Let n = -422 + 1572. List the prime factors of n.
2, 5, 23
Let o(r) = r**3 + 20*r**2 - 35*r + 10. Let g be o(-14). Let a = g + -992. What are the prime factors of a?
2, 3, 19
Let l(z) = z**2 - 145*z + 4825. What are the prime factors of l(0)?
5, 193
Let q be 2/10 + 4/5 + 1. Suppose 4*v - q*o - 212 = -6*o, -4*v - o + 209 = 0. List the prime factors of v.
2, 13
Suppose -24*k = -34*k + 14471 + 24169. What are the prime factors of k?
2, 3, 7, 23
Let o = 16 - 29. Suppose 25*r - 21*r + 144 = z, -534 = -3*z - 5*r. Let v = z - o. List the prime factors of v.
181
Suppose 0 = 7*m - 6*m - 51. What are the prime factors of (94/(-8)*2)/(m/(-918))?
3, 47
Let m(u) = -14*u**3 + 2*u**2 + 3*u + 2. Let s be m(-1). Suppose s*b - 10123 = 692. List the prime factors of b.
7, 103
Suppose -22516 = 19*j - 5663. Let r = -605 - j. What are the prime factors of r?
2, 3, 47
Suppose 2*u + n + 4*n = -15, 5*u + 4*n + 12 = 0. Suppose 0*x - 2*x + 590 = u. List the prime factors of x.
5, 59
Suppose 1702 = 3*h - 4*u, -2*u - 179 - 959 = -2*h. Suppose -369 - h = -z. What are the prime factors of z?
23, 41
Suppose -y + 3*g = -36, 1 = -4*g - 15. Suppose -8*u = -104 + y. Suppose 2*p = -4*z + 8, -z + u = z - 2*p. What are the prime factors of z?
3
Let h = -889 - -853. Suppose 0 = -3*i - 35 - 13. What are the prime factors of h/i*168/9?
2, 3, 7
Suppose 3*x - 4347 - 748 = b, -2*x - 4*b = -3378. Suppose -7*w = -x - 3273. What are the prime factors of w?
2, 5, 71
Let u = 57 + -142. Suppose -5*n - i + 884 = -0*i, 179 = n - 2*i. Let f = u + n. What are the prime factors of f?
2, 23
Let i(y) be the third derivative of 1/4*y**4 + 0*y + 1/12*y**5 - 17/6*y**3 - 38*y**2 + 0. What are the prime factors of i(6)?
199
Let s(z) = -12*z - 16. Let b(a) = 11*a - 11. Let c(l) = -4*l + 4. Let q(v) = 3*b(v) + 8*c(v). Let w be q(-7). What are the prime factors of s(w)?
2, 5
Suppose -12*o = -26*o + 20398. Suppose -5*j + o = -498. What are the prime factors of j?
17, 23
Let s = -239 + 249. What are the prime factors of -1 - s/(-15) - (-1546)/3?
5, 103
Let j(c) = -c**3 + 35*c**2 - 35*c + 28. Let i be j(34). What are the prime factors of (-1)/i*(-20 - -17)*-684?
2, 3, 19
Suppose -3895456 = 198*o - 14525086. List the prime factors of o.
3, 5, 1193
Let o(c) = c**3 + 2*c**2 - 3*c - 14. Let f be o(-8). Let q = -116 - f. List the prime factors of q.
2, 3, 43
Suppose 2*o - 2896 = 5*v, -23*o + 28*o - 3*v - 7297 = 0. What are the prime factors of o?
7, 11, 19
Let r(v) = -5*v + 54. Let d(f) = f**3 - 15*f**2 + f - 12. Let x be d(15). Let k be 1/((-15)/237) + x/(-15). List the prime factors of r(k).
2, 67
Let i(d) = 2*d**3 + 3*d**2 + d + 64. Let c be i(0). Suppose -392 = -24*a + c. List the prime factors of a.
19
Let k = -359 + 379. Suppose 2*f - 5*l + 2*l - 2041 = 0, 0 = 4*l + k. What are the prime factors of f?
1013
Let a(m) = -211*m - 64. Let x(w) = -211*w - 63. Let l(u) = 3*a(u) - 4*x(u). List the prime factors of l(5).
5, 223
Let h(l) = 101*l**2 - 7*l - 6. Let t be h(4). Suppose -3*z + t = 5*j, -16 = -2*z - 18. List the prime factors of j.
317
Let d(w) = -w**2 - 9*w - 14. Let t be d(-7). Suppose t = 8*o - 510 - 850. List the prime factors of o.
2, 5, 17
Let s = -35 + 39. Let a(q) = 4*q**2 + 7 + 2 + 2*q**2 - s - 10*q. List the prime factors of a(6).
7, 23
Let c(o) = o + 3. Let z be c(0). Suppose -z*s - 6 = -6*s. List the prime factors of s*(-3)/3 + 76.
2, 37
Suppose 23*l - 389200 = -5*l - 22*l. List the prime factors of l.
2, 7, 139
Let x(w) = w**3 - 5*w**2 + 17*w + 59. What are the prime factors of x(12)?
31, 41
Suppose -2*a - 89 = 115. Let g = 22 - a. List the prime factors of g.
2, 31
Let m = 305 + 50. Suppose j - m - 31 = 0. List the prime factors of j.
2, 193
Suppose -4*c = -3*z - 214116, -6*c + 8*c = 4*z + 107058. What are the prime factors of c?
3, 7, 2549
Suppose 89*g + 6*z = 84*g + 96572, 5*g - 96636 = 2*z. List the prime factors of g.
2, 4831
Let l(v) = 15*v + 8. Let p be (39/(-12))/((-7)/(-308)). Let c be 2/(-11) + (-741)/p. List the prime factors of l(c).
83
What are the prime factors of (14407 - (-16 + 9 + 3)) + 5?
2, 17, 53
List the prime factors of (-13)/(390/(-173505))*2.
43, 269
List the prime factors of 9947 + (-6 - -4) + -2 + (-4 - -8).
7, 29
Let d be -1*-4*(1 - 0). Suppose 5*p + 5*c = p + 4879, -4*c + 4876 = d*p. Suppose -p = -9*n + 260. List the prime factors of n.
2, 41
Let c(l) be the first derivative of 5*l - 1/4*l**4 - 2/3*l**3 + 5 + 0*l**2. List the prime factors of c(-2).
5
List the prime factors of 4151 + (-8 + -3 - -13).
4153
Let s = 46 + -44. Let r be (-2)/(s - 32/14). List the prime factors of (2 - (-2680)/28) + 2/r.
2, 7
Suppose -17 = t + 4*c, -5*c = 2*t + 6 + 25. Let v(f) = 3*f**2 - 13*f + 32. List the prime factors of v(t).
2, 3, 59
Let s(m) = -7*m**3 + 3*m + 10. Suppose 0 = -l + 7*l - 258. Let i = l + -46. List the prime factors of s(i).
2, 5, 19
Let m(y) = 23*y**2 + 76*y + 3. What are the prime factors of m(-11)?
2, 3, 5, 13
Let v be (-1)/8 + 7381/(-88). Let g = 106 + v. Let p(o) = o**2 - 20*o + 39. What are the prime factors of p(g)?
83
List the prime factors of (-6096767)/(-445) - 2/(-5).
3, 4567
Suppose 3*v - v - 2 = 0. Suppose 0 = -3*g - 15, 0 = 3*b - 4*g + 6*g + 1948. List the prime factors of (-2)/(-6) - (b/6 + v).
107
Suppose -16089 = -29*a + 113077. List the prime factors of a.
2, 17, 131
Let x(w) = -1053*w + 320. List the prime factors of x(-16).
2, 29, 37
List the prime factors of (13092/(-42))/(12/(-84)).
2, 1091
Let g(z) = -3818*z - 10. List the prime factors of g(-9).
2, 19, 113
Let y be ((-48)/(-36))/((-10)/6 - -2). Suppose y*p = 8*p - 16. Suppose 0 = -4*a - 5*v + 292, -p*a - 4*v = a - 365. What are the prime factors of a?
73
Let z be 36/6 + 1611 + 1 + -1. What are the prime factors of (-9)/(-30) + z/110?
3, 5
Let i = -3249 + 4303. What are the prime factors of i?
2, 17, 31
Suppose 186*o + 187550 = 196*o. Suppose 6059 - o = -12*d. List the prime factors of d.
2, 23
Let c(j) = j**2 + 2*j + 48. Suppose -2*n - f = 0, 2*n = 24*f - 20*f. What are the prime factors of c(n)?
2, 3
Let f be (9 - (-13930)/2) + -5. List the prime factors of f/8 + 6 + (-196)/32.
13, 67
Let u be (8/(-2))/((-4)/80*-2). Let g be (-2762)/14 + u/(-140). Let y = -61 - g. What are the prime factors of y?
2, 17
Suppose 239*s + 754499 - 6851150 = 0. What are the prime factors of s?
3, 11, 773
Let t(h) = 106*h**2 + 65*h - 517. What are the prime factors of t(7)?
2, 1283
Let g(n) = n**3 + 28*n**2 + 2*n. Let w(q) = -2*q + 2. Let j be w(7). Let u be g(j). Suppose c + u = 9*c. List the prime factors of c.
3, 5, 19
What are the prime factors of 6/(-87) - -413313*(-98)/(-1218)?
3, 5, 739
Suppose -11*o - 12*o + 21*o = 0. Suppose o = -5*m + 3944 - 879. List the prime factors of m.
613
Suppose 0 = -x - 5*l + 3458, -5*x = -x - 3*l - 13809. List the prime factors of x.
3, 1151
Suppose -5*q - a + 40505 = 11509, -6*q + 34797 = 3*a. What are the prime factors of q?
3, 1933
Let j(y) = 60*y**2 - 63*y + 109. What are the prime factors of j(-13)?
2, 2767
Let v(n) = -n - 461 + 9*n + 5*n + 453. Let z be v(1). Suppose -5*o - 4*a = -0*a - 638, 620 = z*o - 5*a. What are the prime factors of o?
2, 3, 7
Let k(c) = 4*c + 35. Let s be k(0). Let n = 37 - s. Sup